{"id":6,"date":"2026-02-11T09:27:07","date_gmt":"2026-02-11T09:27:07","guid":{"rendered":"https:\/\/paroisses-ploerdut.fr\/?page_id=6"},"modified":"2026-02-11T09:42:57","modified_gmt":"2026-02-11T09:42:57","slug":"bienvenue-dans-lensemble-paroissial-de-ploerdut","status":"publish","type":"page","link":"https:\/\/paroisses-ploerdut.fr\/","title":{"rendered":"Bienvenue dans l&rsquo;ensemble paroissial de Plo\u00ebrdut"},"content":{"rendered":"\n<p>Notre ensemble paroissial r\u00e9unit les paroisses de Plo\u00ebrdut, Locuon, Le Croisty, Saint-Caradec-Tr\u00e9gomel, Saint-Tugdual<\/p>\n\n\n\n\n\n\n<div style=\"height:50px\" aria-hidden=\"true\" class=\"wp-block-spacer\"><\/div>\n\n\n\n<div class=\"wp-block-buttons is-content-justification-center is-layout-flex wp-container-core-buttons-is-layout-a89b3969 wp-block-buttons-is-layout-flex\">\n<div class=\"wp-block-button\"><a class=\"wp-block-button__link wp-element-button\" href=\"https:\/\/paroisses-ploerdut.fr\/index.php\/horaires-des-messes\/\">Consulter les horaires des messes<\/a><\/div>\n<\/div>\n\n\n\n<div style=\"height:50px\" aria-hidden=\"true\" class=\"wp-block-spacer\"><\/div>\n\n\n\n<h2 class=\"wp-block-heading\">Venir \u00e0 Plo\u00ebrdut<\/h2>\n\n\n\n<center><iframe loading=\"lazy\" src=\"https:\/\/www.google.com\/maps\/d\/u\/0\/embed?mid=1j-ByqUsOZdFMShvdQ3yAx3nEbv2ucvI&#038;noprof=1\" width=\"640\" height=\"480\"><\/iframe><\/center>\n\n\n\n<div style=\"height:50px\" aria-hidden=\"true\" class=\"wp-block-spacer\"><\/div>\n\n\n\n<h2 class=\"wp-block-heading has-text-align-center\">Les sites de la Communaut\u00e9 de paroisses de Gu\u00e9men\u00e9-sur-Scorff<\/h2>\n\n\n\n<figure class=\"wp-block-table\"><table class=\"has-fixed-layout\"><tbody><tr><td class=\"has-text-align-center\" data-align=\"center\"><a href=\"http:\/\/paroisses-guemene-sur-scorff.fr\">Paroisses de Gu\u00e9mene-sur-Scorff <br>(Locmalo, Persquen, Lango\u00eblan, Lignol)<\/a><\/td><td class=\"has-text-align-center\" data-align=\"center\"><a href=\"http:\/\/paroisses-kernascleden.fr\" data-type=\"link\" data-id=\"paroisses-kernascleden.fr\">Paroisse de Kernascl\u00e9den<\/a><\/td><td class=\"has-text-align-center\" data-align=\"center\"><a href=\"http:\/\/paroisses-ploerdut.fr\/\">Paroisses de Plo\u00ebrdut<br>(Locuon, Le Croisty, Saint-Caradec-Tr\u00e9gomel, Saint-Tugdual)<\/a><\/td><\/tr><\/tbody><\/table><\/figure>\n","protected":false},"excerpt":{"rendered":"<p>Notre ensemble paroissial r\u00e9unit les paroisses de Plo\u00ebrdut, Locuon, Le Croisty, Saint-Caradec-Tr\u00e9gomel, Saint-Tugdual Venir \u00e0 Plo\u00ebrdut Les sites de la Communaut\u00e9 de paroisses de Gu\u00e9men\u00e9-sur-Scorff Paroisses de Gu\u00e9mene-sur-Scorff (Locmalo, Persquen, Lango\u00eblan, Lignol) Paroisse de Kernascl\u00e9den Paroisses de Plo\u00ebrdut(Locuon, Le Croisty, Saint-Caradec-Tr\u00e9gomel, Saint-Tugdual)<\/p>\n","protected":false},"author":1,"featured_media":0,"parent":0,"menu_order":0,"comment_status":"closed","ping_status":"closed","template":"","meta":{"iawp_total_views":90,"footnotes":""},"class_list":["post-6","page","type-page","status-publish","hentry"],"_links":{"self":[{"href":"https:\/\/paroisses-ploerdut.fr\/index.php\/wp-json\/wp\/v2\/pages\/6","targetHints":{"allow":["GET"]}}],"collection":[{"href":"https:\/\/paroisses-ploerdut.fr\/index.php\/wp-json\/wp\/v2\/pages"}],"about":[{"href":"https:\/\/paroisses-ploerdut.fr\/index.php\/wp-json\/wp\/v2\/types\/page"}],"author":[{"embeddable":true,"href":"https:\/\/paroisses-ploerdut.fr\/index.php\/wp-json\/wp\/v2\/users\/1"}],"replies":[{"embeddable":true,"href":"https:\/\/paroisses-ploerdut.fr\/index.php\/wp-json\/wp\/v2\/comments?post=6"}],"version-history":[{"count":7,"href":"https:\/\/paroisses-ploerdut.fr\/index.php\/wp-json\/wp\/v2\/pages\/6\/revisions"}],"predecessor-version":[{"id":20,"href":"https:\/\/paroisses-ploerdut.fr\/index.php\/wp-json\/wp\/v2\/pages\/6\/revisions\/20"}],"wp:attachment":[{"href":"https:\/\/paroisses-ploerdut.fr\/index.php\/wp-json\/wp\/v2\/media?parent=6"}],"curies":[{"name":"wp","href":"https:\/\/api.w.org\/{rel}","templated":true}]}}